{"id":172,"date":"2018-10-12T00:48:01","date_gmt":"2018-10-12T00:48:01","guid":{"rendered":"http:\/\/www.cress-ac.org.br\/site\/?page_id=172"},"modified":"2025-08-07T16:11:39","modified_gmt":"2025-08-07T16:11:39","slug":"reinscricao","status":"publish","type":"page","link":"https:\/\/www.cress-ac.org.br\/site\/registro-profissional\/reinscricao\/","title":{"rendered":"Reinscri\u00e7\u00e3o"},"content":{"rendered":"<p>A\/O interessada\/o poder\u00e1, a qualquer tempo, requerer sua reinscri\u00e7\u00e3o, sujeitando-se \u00e0s disposi\u00e7\u00f5es legais e normativas em vigor, sendo atribu\u00eddo, neste caso, o mesmo n\u00famero do registro anterior, ainda que decorrente de transfer\u00eancia.<br>O pedido de reinscri\u00e7\u00e3o profissional ser\u00e1 feito no <a href=\"https:\/\/cress-ac.implanta.net.br\/servicosonline\/\" data-type=\"URL\" data-id=\"https:\/\/cress-ac.implanta.net.br\/servicosonline\/#\">ambiente de servi\u00e7os online, <\/a>ficando vinculado ao processo original de inscri\u00e7\u00e3o principal.<br>Ap\u00f3s envio do requerimento, o setor administrativo do CRESS avaliar\u00e1 o conte\u00fado, gerando pend\u00eancia, quando for o caso, que dever\u00e1 ser sanada em 20 dias corridos, contados a partir do envio do comunicado, sob pena de indeferimento.<br>Ao final da solicita\u00e7\u00e3o ser\u00e1 encaminhado comunicado de confirma\u00e7\u00e3o do<br>envio do requerimento.<br>Caso a inscri\u00e7\u00e3o tenha sido cancelada, a pedido ou \u201cex-off\u00edcio\u201d, sem que o<br>documento que comprove a cola\u00e7\u00e3o de grau tenha sido substitu\u00eddo, o pedido de reinscri\u00e7\u00e3o ser\u00e1 necessariamente acompanhado do diploma de Bacharel em curso de gradua\u00e7\u00e3o em Servi\u00e7o Social.<br>A reinscri\u00e7\u00e3o poder\u00e1 ser requerida por procurador\/a que apresente<br>instrumento p\u00fablico.<br>Qualquer altera\u00e7\u00e3o havida nos documentos civis ou acad\u00eamicos da\/o interessada\/o devera\u0301 ser anexada no ato do pedido de reinscri\u00e7\u00e3o.<br> A\/O interessada\/o pagar\u00e1 ao CRESS, no ato do pedido, taxa de inscri\u00e7\u00e3o (abrangendo a expedi\u00e7\u00e3o do Documento de Identidade Profissional), bem como a anuidade proporcional.<br>Os procedimentos administrativos do pedido de reinscri\u00e7\u00e3o seguir\u00e3o, no que couber, o disposto nos artigos 2\u00ba a 6\u00ba da <a href=\"https:\/\/www.cfess.org.br\/arquivos\/Resolucaocfess1014-2022.pdf\">RESOLUC\u0327A\u0303O CFESS N\u00ba 1014, DE 13 DE DEZEMBRO DE 2022.<\/a><\/p><p><\/p>","protected":false},"excerpt":{"rendered":"<p>A\/O interessada\/o poder\u00e1, a qualquer tempo, requerer sua reinscri\u00e7\u00e3o, sujeitando-se \u00e0s disposi\u00e7\u00f5es legais e normativas em vigor, sendo atribu\u00eddo, neste caso, o mesmo n\u00famero do registro anterior, ainda que decorrente &#8230;<\/p>\n","protected":false},"author":1,"featured_media":0,"parent":160,"menu_order":0,"comment_status":"closed","ping_status":"closed","template":"","meta":{"_EventAllDay":false,"_EventTimezone":"","_EventStartDate":"","_EventEndDate":"","_EventStartDateUTC":"","_EventEndDateUTC":"","_EventShowMap":false,"_EventShowMapLink":false,"_EventURL":"","_EventCost":"","_EventCostDescription":"","_EventCurrencySymbol":"","_EventCurrencyPosition":"","_EventDateTimeSeparator":"","_EventTimeRangeSeparator":"","_EventOrganizerID":[],"_EventVenueID":0,"_OrganizerEmail":"","_OrganizerPhone":"","_OrganizerWebsite":"","_VenueAddress":"","_VenueCity":"","_VenueCountry":"","_VenueProvince":"","_VenueZip":"","_VenuePhone":"","_VenueURL":"","_VenueStateProvince":"","_VenueLat":"","_VenueLng":"","footnotes":""},"class_list":["post-172","page","type-page","status-publish","hentry"],"_links":{"self":[{"href":"https:\/\/www.cress-ac.org.br\/site\/wp-json\/wp\/v2\/pages\/172","targetHints":{"allow":["GET"]}}],"collection":[{"href":"https:\/\/www.cress-ac.org.br\/site\/wp-json\/wp\/v2\/pages"}],"about":[{"href":"https:\/\/www.cress-ac.org.br\/site\/wp-json\/wp\/v2\/types\/page"}],"author":[{"embeddable":true,"href":"https:\/\/www.cress-ac.org.br\/site\/wp-json\/wp\/v2\/users\/1"}],"replies":[{"embeddable":true,"href":"https:\/\/www.cress-ac.org.br\/site\/wp-json\/wp\/v2\/comments?post=172"}],"version-history":[{"count":11,"href":"https:\/\/www.cress-ac.org.br\/site\/wp-json\/wp\/v2\/pages\/172\/revisions"}],"predecessor-version":[{"id":4026,"href":"https:\/\/www.cress-ac.org.br\/site\/wp-json\/wp\/v2\/pages\/172\/revisions\/4026"}],"up":[{"embeddable":true,"href":"https:\/\/www.cress-ac.org.br\/site\/wp-json\/wp\/v2\/pages\/160"}],"wp:attachment":[{"href":"https:\/\/www.cress-ac.org.br\/site\/wp-json\/wp\/v2\/media?parent=172"}],"curies":[{"name":"wp","href":"https:\/\/api.w.org\/{rel}","templated":true}]}}