{"id":3376,"date":"2021-05-21T16:34:34","date_gmt":"2021-05-21T16:34:34","guid":{"rendered":"http:\/\/www.cress-ac.org.br\/site\/?page_id=3376"},"modified":"2022-02-07T15:57:49","modified_gmt":"2022-02-07T15:57:49","slug":"denuncia-etica-2","status":"publish","type":"page","link":"https:\/\/www.cress-ac.org.br\/site\/denuncia-etica-2\/","title":{"rendered":"Den\u00fancia \u00e0 Fiscaliza\u00e7\u00e3o"},"content":{"rendered":"<p>Se voc\u00ea se deparar ou tiver conhecimento de alguma destas situa\u00e7\u00f5es, DENUNCIE!<\/p><ul class=\"wp-block-list\"><li>Exerc\u00edcio irregular e\/ou ilegal da Profiss\u00e3o;<\/li><\/ul><ol class=\"wp-block-list\" type=\"a\"><li>Formados em servi\u00e7o social sem registro no conselho;<\/li><li>Inscritos em outro estado e atuando no Acre;<\/li><li>Profissionais com registro cancelado ou suspenso e atuando;<\/li><li>Pessoas sem a forma\u00e7\u00e3o ou estudante\/estagi\u00e1rio de servi\u00e7o social exercendo a profiss\u00e3o;<\/li><\/ol><ul class=\"wp-block-list\"><li>Institui\u00e7\u00e3o p\u00fablica e privada onde N\u00c3O EXISTAM condi\u00e7\u00f5es \u00e9ticas e t\u00e9cnicas de trabalho tais como:<\/li><\/ul><ol class=\"wp-block-list\" type=\"a\"><li>Ilumina\u00e7\u00e3o adequada ao trabalho diurno e noturno, conforme a organiza\u00e7\u00e3o institucional;<\/li><li>Recursos que garantam a privacidade do usu\u00e1rio naquilo que for revelado durante o processo de interven\u00e7\u00e3o profissional;<\/li><li>Ventila\u00e7\u00e3o adequada a atendimentos breves ou demorados com portas fechadas;<\/li><li>Espa\u00e7o adequado para coloca\u00e7\u00e3o de arquivos para a adequada.<\/li><\/ol><ul class=\"wp-block-list\"><li>Estagi\u00e1rios de servi\u00e7o social sem supervis\u00e3o sem supervis\u00e3o direta do (a) Assistente Social;<\/li><li>Situa\u00e7\u00f5es que ferem o C\u00f3digo de \u00c9tica e a Lei de Regulamenta\u00e7\u00e3o da Profiss\u00e3o.<\/li><\/ul><p><strong><em>Todas as informa\u00e7\u00f5es do denunciante ser\u00e3o mantidas em sigilo.<\/em><\/strong><\/p><p>Email: <a href=\"mailto:fiscalizacaocressac@gmail.com\">fiscalizacao@cress-ac.org<\/a><\/p><p><\/p><div class=\"wp-block-file\"><a href=\"http:\/\/www.cress-ac.org.br\/site\/wp-content\/uploads\/2021\/08\/Formulario-Denuncia-a-Fiscalizacao-1.docx\">Formulario-Denuncia-a-Fiscalizacao-1<\/a><a href=\"http:\/\/www.cress-ac.org.br\/site\/wp-content\/uploads\/2021\/08\/Formulario-Denuncia-a-Fiscalizacao-1.docx\" class=\"wp-block-file__button\" download>Baixar<\/a><\/div><p>Endere\u00e7o: Rua Conquista, n\u00ba 460, Geraldo Fleming, CEP- 69918-864 \u2013 Rio Branco-AC Fone: (68) 99916-2426 (whatsapp)<\/p>","protected":false},"excerpt":{"rendered":"<p>Se voc\u00ea se deparar ou tiver conhecimento de alguma destas situa\u00e7\u00f5es, DENUNCIE! Exerc\u00edcio irregular e\/ou ilegal da Profiss\u00e3o; Formados em servi\u00e7o social sem registro no conselho; Inscritos em outro estado &#8230;<\/p>\n","protected":false},"author":1,"featured_media":0,"parent":0,"menu_order":0,"comment_status":"closed","ping_status":"closed","template":"","meta":{"_EventAllDay":false,"_EventTimezone":"","_EventStartDate":"","_EventEndDate":"","_EventStartDateUTC":"","_EventEndDateUTC":"","_EventShowMap":false,"_EventShowMapLink":false,"_EventURL":"","_EventCost":"","_EventCostDescription":"","_EventCurrencySymbol":"","_EventCurrencyPosition":"","_EventDateTimeSeparator":"","_EventTimeRangeSeparator":"","_EventOrganizerID":[],"_EventVenueID":0,"_OrganizerEmail":"","_OrganizerPhone":"","_OrganizerWebsite":"","_VenueAddress":"","_VenueCity":"","_VenueCountry":"","_VenueProvince":"","_VenueZip":"","_VenuePhone":"","_VenueURL":"","_VenueStateProvince":"","_VenueLat":"","_VenueLng":"","footnotes":""},"class_list":["post-3376","page","type-page","status-publish","hentry"],"_links":{"self":[{"href":"https:\/\/www.cress-ac.org.br\/site\/wp-json\/wp\/v2\/pages\/3376","targetHints":{"allow":["GET"]}}],"collection":[{"href":"https:\/\/www.cress-ac.org.br\/site\/wp-json\/wp\/v2\/pages"}],"about":[{"href":"https:\/\/www.cress-ac.org.br\/site\/wp-json\/wp\/v2\/types\/page"}],"author":[{"embeddable":true,"href":"https:\/\/www.cress-ac.org.br\/site\/wp-json\/wp\/v2\/users\/1"}],"replies":[{"embeddable":true,"href":"https:\/\/www.cress-ac.org.br\/site\/wp-json\/wp\/v2\/comments?post=3376"}],"version-history":[{"count":5,"href":"https:\/\/www.cress-ac.org.br\/site\/wp-json\/wp\/v2\/pages\/3376\/revisions"}],"predecessor-version":[{"id":3513,"href":"https:\/\/www.cress-ac.org.br\/site\/wp-json\/wp\/v2\/pages\/3376\/revisions\/3513"}],"wp:attachment":[{"href":"https:\/\/www.cress-ac.org.br\/site\/wp-json\/wp\/v2\/media?parent=3376"}],"curies":[{"name":"wp","href":"https:\/\/api.w.org\/{rel}","templated":true}]}}